{"id":2615,"date":"2024-11-11T09:31:49","date_gmt":"2024-11-11T08:31:49","guid":{"rendered":"https:\/\/3d-manufacturing.net\/portfolio-gallery\/?page_id=2615"},"modified":"2024-11-11T09:57:43","modified_gmt":"2024-11-11T08:57:43","slug":"oiles-deutschland-gmbh-3d-product-animation-for-bearings","status":"publish","type":"page","link":"https:\/\/3d-manufacturing.net\/portfolio-gallery\/oiles-deutschland-gmbh-3d-product-animation-for-bearings\/","title":{"rendered":"OILES Deutschland GmbH: 3D-Product Animation for Bearings"},"content":{"rendered":"\t\t<div data-elementor-type=\"wp-page\" data-elementor-id=\"2615\" class=\"elementor elementor-2615\">\n\t\t\t\t<div class=\"elementor-element elementor-element-331401e e-flex e-con-boxed e-con e-parent\" data-id=\"331401e\" data-element_type=\"container\" data-e-type=\"container\">\n\t\t\t\t\t<div class=\"e-con-inner\">\n\t\t\t\t<div class=\"elementor-element elementor-element-a9a9885 elementor-widget elementor-widget-video\" data-id=\"a9a9885\" data-element_type=\"widget\" data-e-type=\"widget\" data-settings=\"{&quot;video_type&quot;:&quot;hosted&quot;,&quot;autoplay&quot;:&quot;yes&quot;,&quot;play_on_mobile&quot;:&quot;yes&quot;,&quot;mute&quot;:&quot;yes&quot;,&quot;loop&quot;:&quot;yes&quot;,&quot;controls&quot;:&quot;yes&quot;}\" data-widget_type=\"video.default\">\n\t\t\t\t<div class=\"elementor-widget-container\">\n\t\t\t\t\t\t\t<div class=\"e-hosted-video elementor-wrapper elementor-open-inline\">\n\t\t\t\t\t<video class=\"elementor-video\" src=\"https:\/\/3d-manufacturing.net\/wp-content\/uploads\/2024\/02\/Oiles-The-Best-In-Bearing-Technology-Image-Movie-2024_19_mail.webm\" autoplay=\"\" loop=\"\" controls=\"\" muted=\"muted\" playsinline=\"\" controlsList=\"nodownload\"><\/video>\n\t\t\t\t<\/div>\n\t\t\t\t\t\t<\/div>\n\t\t\t\t<\/div>\n\t\t\t\t\t<\/div>\n\t\t\t\t<\/div>\n\t\t<div class=\"elementor-element elementor-element-06d1a60 e-flex e-con-boxed e-con e-parent\" data-id=\"06d1a60\" data-element_type=\"container\" data-e-type=\"container\">\n\t\t\t\t\t<div class=\"e-con-inner\">\n\t\t\t\t<div class=\"elementor-element elementor-element-8931774 elementor-widget elementor-widget-text-editor\" data-id=\"8931774\" data-element_type=\"widget\" data-e-type=\"widget\" data-widget_type=\"text-editor.default\">\n\t\t\t\t<div class=\"elementor-widget-container\">\n\t\t\t\t\t\t\t\t\t<h2 class=\"whitespace-pre-wrap break-words\"><strong>OILES Suspension &#8211; Komplexes 3D-Animationsprojekt<\/strong><\/h2><p>\u00a0<\/p><p>\u00a0<\/p><p class=\"whitespace-pre-wrap break-words\"><strong>F<\/strong>\u00fcr den international agierenden Technologiekonzern <a href=\"https:\/\/www.oilesglobal.com\/eu\/de\/\">OILES<\/a> entwickelte ich einen technisch anspruchsvollen Werbefilm f\u00fcr deren Suspension\/Bearings-Sparte. Das Projekt wurde vollst\u00e4ndig in der 3D-Software Blender realisiert und mit der Eevee-Render-Engine umgesetzt. Die Entscheidung f\u00fcr Eevee erm\u00f6glichte nicht nur eine beeindruckende Echtzeitvisualisierung w\u00e4hrend des gesamten Entwicklungsprozesses, sondern auch eine effiziente Renderzeit bei gleichzeitig hoher visueller Qualit\u00e4t.<\/p><p class=\"whitespace-pre-wrap break-words\"><strong>E<\/strong>in besonderes technisches Highlight des Projekts war die Entwicklung eines ma\u00dfgeschneiderten Car-Rigs f\u00fcr den VW ID.3. Die komplette Rigging-Architektur \u2013 vom Fahrwerk bis zur Karosserie \u2013 wurde von Grund auf entwickelt, um eine pr\u00e4zise Kontrolle \u00fcber jedes Detail der Fahrzeugbewegung zu erm\u00f6glichen. Besonders komplex gestaltete sich dabei das Rigging des Federbeinsystems, das eine realistische Simulation der Fahrzeugdynamik und D\u00e4mpfungseigenschaften erm\u00f6glichte. Die Implementation verschiedener Driver und Constraints in Blender erlaubte eine naturgetreue Darstellung der Fahrphysik.<\/p><p class=\"whitespace-pre-wrap break-words\"><strong>E<\/strong>in weiterer technischer Meilenstein des Projekts war die &#8220;Evolution of Bearings&#8221;-Sequenz, die mittels fortgeschrittener Morph-Animationstechniken realisiert wurde. Diese anspruchsvolle Animationsform erforderte pr\u00e4zise Topologie-Matching und sorgf\u00e4ltig gesetzte Shape Keys, um die verschiedenen Entwicklungsstufen der Lagertechnologie nahtlos ineinander \u00fcbergehen zu lassen. Die technische Komplexit\u00e4t lag hierbei besonders in der Erhaltung der korrekten Geometrie w\u00e4hrend der Transformationsphasen.<\/p><p class=\"whitespace-pre-wrap break-words\"><strong>D<\/strong>as visuelle Design wurde in enger Abstimmung mit OILES entwickelt, wobei modernste Shader- und Materialtechniken in Blender zum Einsatz kamen. Die Eevee-Engine erm\u00f6glichte dabei den Einsatz fortschrittlicher Render-Features wie Screen Space Reflections und Ambient Occlusion bei gleichzeitig effizienter Renderperformance.<\/p><p class=\"whitespace-pre-wrap break-words\"><strong>D<\/strong>ie finale Postproduktion und das Compositing wurden in DaVinci Resolve realisiert. Diese professionelle Nachbearbeitungssoftware erm\u00f6glichte es, dem Werbefilm durch pr\u00e4zise Farbkorrekturen, ausgefeiltes Color Grading und fortgeschrittene Compositing-Techniken den letzten Schliff zu verleihen. Die Kombination von Blenders leistungsstarker 3D-Engine mit DaVinci Resolves ausgereiften Postproduktions-Werkzeugen resultierte in einem visuell hochwertigem Endergebnis.<\/p><p class=\"whitespace-pre-wrap break-words\"><strong>D<\/strong>as Gesamtprojekt vereint technische Pr\u00e4zision mit visueller Eleganz und demonstriert eindrucksvoll die Leistungsf\u00e4higkeit moderner 3D- und Postproduktions-Technologie in der Produktion hochwertiger Werbefilme. Die Kombination aus detailliertem technischen Know-how und kreativem Design resultierte in einer Animation, die komplexe technische Sachverhalte sowohl pr\u00e4zise als auch \u00e4sthetisch ansprechend visualisiert.<\/p><p><a href=\"https:\/\/3d-manufacturing.net\/wp-content\/uploads\/2024\/02\/OILES_PlasticSlidingBearing_Thumbnail.webp\"><img fetchpriority=\"high\" decoding=\"async\" class=\"alignnone size-full wp-image-2610\" src=\"https:\/\/3d-manufacturing.net\/wp-content\/uploads\/2024\/02\/OILES_PlasticSlidingBearing_Thumbnail.webp\" alt=\"\" width=\"1276\" height=\"480\" srcset=\"https:\/\/3d-manufacturing.net\/wp-content\/uploads\/2024\/02\/OILES_PlasticSlidingBearing_Thumbnail.webp 1276w, https:\/\/3d-manufacturing.net\/wp-content\/uploads\/2024\/02\/OILES_PlasticSlidingBearing_Thumbnail-300x113.webp 300w, https:\/\/3d-manufacturing.net\/wp-content\/uploads\/2024\/02\/OILES_PlasticSlidingBearing_Thumbnail-1024x385.webp 1024w, https:\/\/3d-manufacturing.net\/wp-content\/uploads\/2024\/02\/OILES_PlasticSlidingBearing_Thumbnail-768x289.webp 768w, https:\/\/3d-manufacturing.net\/wp-content\/uploads\/2024\/02\/OILES_PlasticSlidingBearing_Thumbnail-512x193.webp 512w, https:\/\/3d-manufacturing.net\/wp-content\/uploads\/2024\/02\/OILES_PlasticSlidingBearing_Thumbnail-950x357.webp 950w\" sizes=\"(max-width: 1276px) 100vw, 1276px\" \/><\/a><\/p><p>Links:<\/p><p><a href=\"https:\/\/www.oilesglobal.com\/eu\/de\/\">https:\/\/www.oilesglobal.com\/eu\/de\/<\/a><\/p><p><a href=\"https:\/\/www.linkedin.com\/company\/oiles-deutschland\">https:\/\/www.linkedin.com\/company\/oiles-deutschland<\/a><\/p>\t\t\t\t\t\t\t\t<\/div>\n\t\t\t\t<\/div>\n\t\t\t\t\t<\/div>\n\t\t\t\t<\/div>\n\t\t\t\t<\/div>\n\t\t","protected":false},"excerpt":{"rendered":"<p>https:\/\/3d-manufacturing.net\/wp-content\/uploads\/2024\/02\/Oiles-The-Best-In-Bearing-Technology-Image-Movie-2024_19_mail.webm OILES Suspension &#8211; Komplexes 3D-Animationsprojekt \u00a0 \u00a0 F\u00fcr den international agierenden Technologiekonzern OILES entwickelte ich einen technisch anspruchsvollen Werbefilm&#8230; <\/p>\n<div class=\"trm-el-more\"><a href=\"https:\/\/3d-manufacturing.net\/portfolio-gallery\/oiles-deutschland-gmbh-3d-product-animation-for-bearings\/\" class=\"trm-label trm-label-color\"><span>Read more<\/span> <i class=\"fas fa-arrow-right\"><\/i><\/a><\/div>\n","protected":false},"author":1,"featured_media":2610,"parent":0,"menu_order":0,"comment_status":"closed","ping_status":"closed","template":"template-layout-builder.php","meta":{"_crdt_document":"","footnotes":""},"class_list":["post-2615","page","type-page","status-publish","has-post-thumbnail","hentry"],"acf":[],"aioseo_notices":[],"jetpack_sharing_enabled":true,"_links":{"self":[{"href":"https:\/\/3d-manufacturing.net\/portfolio-gallery\/wp-json\/wp\/v2\/pages\/2615","targetHints":{"allow":["GET"]}}],"collection":[{"href":"https:\/\/3d-manufacturing.net\/portfolio-gallery\/wp-json\/wp\/v2\/pages"}],"about":[{"href":"https:\/\/3d-manufacturing.net\/portfolio-gallery\/wp-json\/wp\/v2\/types\/page"}],"author":[{"embeddable":true,"href":"https:\/\/3d-manufacturing.net\/portfolio-gallery\/wp-json\/wp\/v2\/users\/1"}],"replies":[{"embeddable":true,"href":"https:\/\/3d-manufacturing.net\/portfolio-gallery\/wp-json\/wp\/v2\/comments?post=2615"}],"version-history":[{"count":19,"href":"https:\/\/3d-manufacturing.net\/portfolio-gallery\/wp-json\/wp\/v2\/pages\/2615\/revisions"}],"predecessor-version":[{"id":3306,"href":"https:\/\/3d-manufacturing.net\/portfolio-gallery\/wp-json\/wp\/v2\/pages\/2615\/revisions\/3306"}],"wp:featuredmedia":[{"embeddable":true,"href":"https:\/\/3d-manufacturing.net\/portfolio-gallery\/wp-json\/wp\/v2\/media\/2610"}],"wp:attachment":[{"href":"https:\/\/3d-manufacturing.net\/portfolio-gallery\/wp-json\/wp\/v2\/media?parent=2615"}],"curies":[{"name":"wp","href":"https:\/\/api.w.org\/{rel}","templated":true}]}}